{"id":10015,"date":"2024-06-14T21:29:39","date_gmt":"2024-06-14T21:29:39","guid":{"rendered":"https:\/\/reatechinfrabtp.odysseedels.com\/?page_id=10015"},"modified":"2024-06-14T22:00:04","modified_gmt":"2024-06-14T22:00:04","slug":"ingenieur-du-batiment","status":"publish","type":"page","link":"https:\/\/reatechinfrabtp.odysseedels.com\/index.php\/ingenieur-du-batiment\/","title":{"rendered":"Ing\u00e9nieur du b\u00e2timent"},"content":{"rendered":"\t\t<div data-elementor-type=\"wp-page\" data-elementor-id=\"10015\" class=\"elementor elementor-10015\">\n\t\t\t\t\t\t<section class=\"elementor-section elementor-top-section elementor-element elementor-element-6794ee06 gray-bg small-padding has-hex has-hex2 elementor-section-boxed elementor-section-height-default elementor-section-height-default\" data-id=\"6794ee06\" data-element_type=\"section\" data-settings=\"{&quot;background_background&quot;:&quot;classic&quot;}\">\n\t\t\t\t\t\t\t<div class=\"elementor-background-overlay\"><\/div>\n\t\t\t\t\t\t\t<div class=\"elementor-container elementor-column-gap-default\">\n\t\t\t\t\t<div class=\"elementor-column elementor-col-100 elementor-top-column elementor-element elementor-element-3d438aff\" data-id=\"3d438aff\" data-element_type=\"column\">\n\t\t\t<div class=\"elementor-widget-wrap elementor-element-populated\">\n\t\t\t\t\t\t<div class=\"elementor-element elementor-element-3a611bc0 elementor-widget elementor-widget-feature_box\" data-id=\"3a611bc0\" data-element_type=\"widget\" data-widget_type=\"feature_box.default\">\n\t\t\t\t<div class=\"elementor-widget-container\">\n\t\t\t\t\t  \r\n        <!--services-box --> \r\n        <div class=\"card-item sty1\">\r\n            <i class=\"fad fa-wind-turbine\"><\/i>            <span class=\"card-item_num\">01<\/span>\r\n            <h4 class=\"service-title\">Ing\u00e9nieur de Comp\u00e9tence<\/h4>            <div class=\"card-desc\">En tant qu'ing\u00e9nieurs de b\u00e2timent passionn\u00e9s, nous transformons des visions en r\u00e9alit\u00e9 solide. Chaque projet est une symphonie d'innovation et de pr\u00e9cision, o\u00f9 la structure rencontre l'esth\u00e9tique et l'efficacit\u00e9 rencontre l'\u00e9l\u00e9gance. Nous sommes les artisans de l'espace urbain, sculptant des gratte-ciels qui touchent le ciel et des ponts qui relient des horizons lointains. Notre engagement envers la durabilit\u00e9 et la s\u00e9curit\u00e9 red\u00e9finit les normes, tandis que notre expertise technique garantit des r\u00e9sultats impeccables \u00e0 chaque \u00e9tape. Avec nous, chaque ligne est calcul\u00e9e, chaque mat\u00e9riau est choisi avec soin, pour cr\u00e9er des environnements qui inspirent et r\u00e9sistent \u00e0 l'\u00e9preuve du temps. Ensemble, nous b\u00e2tissons demain, aujourd'hui.<\/div>\r\n            <div class=\"clearfix\"><\/div>\r\n        <\/div>\r\n        \r\n        <!-- services-box end  -->      \r\n        \t\t\t\t<\/div>\n\t\t\t\t<\/div>\n\t\t\t\t\t<\/div>\n\t\t<\/div>\n\t\t\t\t\t<\/div>\n\t\t<\/section>\n\t\t\t\t<section class=\"elementor-section elementor-top-section elementor-element elementor-element-70960f21 elementor-section-stretched sec-padding elementor-section-boxed elementor-section-height-default elementor-section-height-default\" data-id=\"70960f21\" data-element_type=\"section\" data-settings=\"{&quot;stretch_section&quot;:&quot;section-stretched&quot;,&quot;background_background&quot;:&quot;classic&quot;}\">\n\t\t\t\t\t\t<div class=\"elementor-container elementor-column-gap-wide\">\n\t\t\t\t\t<div class=\"elementor-column elementor-col-50 elementor-top-column elementor-element elementor-element-53e4941d\" data-id=\"53e4941d\" data-element_type=\"column\">\n\t\t\t<div class=\"elementor-widget-wrap elementor-element-populated\">\n\t\t\t\t\t\t<div class=\"elementor-element elementor-element-799075be elementor-widget elementor-widget-text-editor\" data-id=\"799075be\" data-element_type=\"widget\" data-widget_type=\"text-editor.default\">\n\t\t\t\t<div class=\"elementor-widget-container\">\n\t\t\t\t\t\t\t\t\t<p>En r\u00e9sum\u00e9, nous combinons une\u00a0 expertise technique, capacit\u00e9s analytiques, gestion de projet efficace, innovation et communication claire pour r\u00e9ussir dans la r\u00e9alisation de projets d&#8217;ing\u00e9nierie complexes et diversifi\u00e9s.<\/p>\t\t\t\t\t\t\t\t<\/div>\n\t\t\t\t<\/div>\n\t\t\t\t\t<\/div>\n\t\t<\/div>\n\t\t\t\t<div class=\"elementor-column elementor-col-50 elementor-top-column elementor-element elementor-element-3d1012e7\" data-id=\"3d1012e7\" data-element_type=\"column\">\n\t\t\t<div class=\"elementor-widget-wrap elementor-element-populated\">\n\t\t\t\t\t\t<div class=\"elementor-element elementor-element-4bb83dc8 elementor-widget elementor-widget-image_quote\" data-id=\"4bb83dc8\" data-element_type=\"widget\" data-widget_type=\"image_quote.default\">\n\t\t\t\t<div class=\"elementor-widget-container\">\n\t\t\t\t\t        <div class=\"about-img abimg-sty1\" data-scrollax-parent=\"true\">\r\n            <img fetchpriority=\"high\" decoding=\"async\" width=\"800\" height=\"530\" src=\"https:\/\/reatechinfrabtp.odysseedels.com\/wp-content\/uploads\/2021\/08\/folio_6.jpg\" class=\"respimg\" alt=\"\" srcset=\"https:\/\/reatechinfrabtp.odysseedels.com\/wp-content\/uploads\/2021\/08\/folio_6.jpg 800w, https:\/\/reatechinfrabtp.odysseedels.com\/wp-content\/uploads\/2021\/08\/folio_6-300x199.jpg 300w, https:\/\/reatechinfrabtp.odysseedels.com\/wp-content\/uploads\/2021\/08\/folio_6-768x509.jpg 768w\" sizes=\"(max-width: 800px) 100vw, 800px\" \/>                                        <div class=\"about-img-title\" data-scrollax=\"properties: { translateY: '100px' }\">REACTEH INFRA BTP<\/div>\r\n                        \r\n        <\/div>\r\n        \t\t\t\t<\/div>\n\t\t\t\t<\/div>\n\t\t\t\t\t<\/div>\n\t\t<\/div>\n\t\t\t\t\t<\/div>\n\t\t<\/section>\n\t\t\t\t<section class=\"elementor-section elementor-top-section elementor-element elementor-element-196d9b20 darkbg_2 notifer-block elementor-section-content-middle elementor-section-boxed elementor-section-height-default elementor-section-height-default\" data-id=\"196d9b20\" data-element_type=\"section\">\n\t\t\t\t\t\t<div class=\"elementor-container elementor-column-gap-default\">\n\t\t\t\t\t<div class=\"elementor-column elementor-col-50 elementor-top-column elementor-element elementor-element-3ff8fb64\" data-id=\"3ff8fb64\" data-element_type=\"column\">\n\t\t\t<div class=\"elementor-widget-wrap elementor-element-populated\">\n\t\t\t\t\t\t<div class=\"elementor-element elementor-element-7f8dfdb1 elementor-widget elementor-widget-section_title\" data-id=\"7f8dfdb1\" data-element_type=\"widget\" data-widget_type=\"section_title.default\">\n\t\t\t\t<div class=\"elementor-widget-container\">\n\t\t\t\t\t        <div class=\"section-title st-left st-st7\">\r\n                    <h2 class=\"sec-title\"><span>Recherchiez vous un ing\u00e9nieur de comp\u00e9tence?<\/span><\/h2>                    <\/div>\r\n        \t\t\t\t<\/div>\n\t\t\t\t<\/div>\n\t\t\t\t\t<\/div>\n\t\t<\/div>\n\t\t\t\t<div class=\"elementor-column elementor-col-50 elementor-top-column elementor-element elementor-element-4eb33423\" data-id=\"4eb33423\" data-element_type=\"column\">\n\t\t\t<div class=\"elementor-widget-wrap elementor-element-populated\">\n\t\t\t\t\t\t<div class=\"elementor-element elementor-element-34fa22ae elementor-align-center elementor-widget elementor-widget-button\" data-id=\"34fa22ae\" data-element_type=\"widget\" data-widget_type=\"button.default\">\n\t\t\t\t<div class=\"elementor-widget-container\">\n\t\t\t\t\t\t\t\t\t<div class=\"elementor-button-wrapper\">\n\t\t\t\t\t<a class=\"elementor-button elementor-button-link elementor-size-sm\" href=\"#\">\n\t\t\t\t\t\t<span class=\"elementor-button-content-wrapper\">\n\t\t\t\t\t\t\t\t\t<span class=\"elementor-button-text\">Contactez ! <\/span>\n\t\t\t\t\t<\/span>\n\t\t\t\t\t<\/a>\n\t\t\t\t<\/div>\n\t\t\t\t\t\t\t\t<\/div>\n\t\t\t\t<\/div>\n\t\t\t\t\t<\/div>\n\t\t<\/div>\n\t\t\t\t\t<\/div>\n\t\t<\/section>\n\t\t\t\t<\/div>\n\t\t","protected":false},"excerpt":{"rendered":"<p>01 Ing\u00e9nieur de Comp\u00e9tence En tant qu&#8217;ing\u00e9nieurs de b\u00e2timent passionn\u00e9s, nous transformons des visions en r\u00e9alit\u00e9 solide. Chaque projet est une symphonie d&#8217;innovation et de pr\u00e9cision, o\u00f9 la structure rencontre l&#8217;esth\u00e9tique et l&#8217;efficacit\u00e9 rencontre l&#8217;\u00e9l\u00e9gance. Nous sommes les artisans de l&#8217;espace urbain, sculptant des gratte-ciels qui touchent le ciel et des ponts qui relient des horizons lointains. Notre engagement envers la durabilit\u00e9 et la s\u00e9curit\u00e9 red\u00e9finit les normes, tandis que notre expertise technique garantit des r\u00e9sultats impeccables \u00e0 chaque \u00e9tape. Avec nous, chaque ligne est calcul\u00e9e, chaque mat\u00e9riau est choisi avec soin, pour cr\u00e9er des environnements qui inspirent et r\u00e9sistent \u00e0 l&#8217;\u00e9preuve du temps. Ensemble, nous b\u00e2tissons demain, aujourd&#8217;hui. En r\u00e9sum\u00e9, nous combinons une\u00a0 expertise technique, capacit\u00e9s analytiques, gestion de projet efficace, innovation et communication claire pour r\u00e9ussir dans la r\u00e9alisation de projets d&#8217;ing\u00e9nierie complexes et diversifi\u00e9s. REACTEH INFRA BTP Recherchiez vous un ing\u00e9nieur de comp\u00e9tence? Contactez !<\/p>\n","protected":false},"author":1,"featured_media":0,"parent":0,"menu_order":0,"comment_status":"closed","ping_status":"closed","template":"","meta":{"_uag_custom_page_level_css":"","footnotes":""},"class_list":["post-10015","page","type-page","status-publish","hentry"],"uagb_featured_image_src":{"full":false,"thumbnail":false,"medium":false,"medium_large":false,"large":false,"1536x1536":false,"2048x2048":false,"theroof-slider":false,"theroof-gal":false,"theroof-gal-two":false,"theroof-project":false,"theroof-project-slider":false,"theroof-featured":false,"theroof-single":false,"theroof-service":false,"theroof-recent":false},"uagb_author_info":{"display_name":"admin","author_link":"https:\/\/reatechinfrabtp.odysseedels.com\/index.php\/author\/admin\/"},"uagb_comment_info":0,"uagb_excerpt":"01 Ing\u00e9nieur de Comp\u00e9tence En tant qu&#8217;ing\u00e9nieurs de b\u00e2timent passionn\u00e9s, nous transformons des visions en r\u00e9alit\u00e9 solide. Chaque projet est une symphonie d&#8217;innovation et de pr\u00e9cision, o\u00f9 la structure rencontre l&#8217;esth\u00e9tique et l&#8217;efficacit\u00e9 rencontre l&#8217;\u00e9l\u00e9gance. Nous sommes les artisans de l&#8217;espace urbain, sculptant des gratte-ciels qui touchent le ciel et des ponts qui relient des&hellip;","_links":{"self":[{"href":"https:\/\/reatechinfrabtp.odysseedels.com\/index.php\/wp-json\/wp\/v2\/pages\/10015","targetHints":{"allow":["GET"]}}],"collection":[{"href":"https:\/\/reatechinfrabtp.odysseedels.com\/index.php\/wp-json\/wp\/v2\/pages"}],"about":[{"href":"https:\/\/reatechinfrabtp.odysseedels.com\/index.php\/wp-json\/wp\/v2\/types\/page"}],"author":[{"embeddable":true,"href":"https:\/\/reatechinfrabtp.odysseedels.com\/index.php\/wp-json\/wp\/v2\/users\/1"}],"replies":[{"embeddable":true,"href":"https:\/\/reatechinfrabtp.odysseedels.com\/index.php\/wp-json\/wp\/v2\/comments?post=10015"}],"version-history":[{"count":4,"href":"https:\/\/reatechinfrabtp.odysseedels.com\/index.php\/wp-json\/wp\/v2\/pages\/10015\/revisions"}],"predecessor-version":[{"id":10020,"href":"https:\/\/reatechinfrabtp.odysseedels.com\/index.php\/wp-json\/wp\/v2\/pages\/10015\/revisions\/10020"}],"wp:attachment":[{"href":"https:\/\/reatechinfrabtp.odysseedels.com\/index.php\/wp-json\/wp\/v2\/media?parent=10015"}],"curies":[{"name":"wp","href":"https:\/\/api.w.org\/{rel}","templated":true}]}}